10. Suppose j*q - 20 = 2*q. What is the greatest common factor of 20 and q?
10
Let t be (-6 - -9) + 6 - (0 - 2). Calculate the highest common divisor of t and 22.
11
Suppose g = k + 12, -10*g = -11*g - 5*k + 12. Let c(m) = 3*m**2 - m. Let j be c(1). Calculate the greatest common divisor of g and j.
2
Suppose 5*d - 9 - 6 = 0. Suppose -v + 60 = 4*v - 4*i, -v + d*i = -12. Calculate the greatest common divisor of v and 132.
12
Suppose -2*o - 2*c + 52 = 0, 2*o + o - 94 = c. Suppose -405 = -34*w + 1635. Calculate the highest common divisor of o and w.
30
Suppose b + 158 = 2*x, 211 = 2*x + x + 5*b. Suppose 39*n = 37*n + 14. What is the highest common factor of n and x?
7
Let b(v) = -5*v - 27. Let t be b(-8). What is the highest common factor of t and 39?
13
Let l = 8 + 16. What is the greatest common divisor of 8 and l?
8
Let z be -2 + 13/3*3. Let g(x) = x**3 + 7*x**2 - 4*x + 6. Let m be g(-6). What is the greatest common factor of z and m?
11
Let d = 0 - -3. Suppose -1 = -d*n + 11. Calculate the greatest common divisor of 4 and n.
4
Suppose 4*d = -0*d + 448. Let g = d - 21. What is the greatest common factor of g and 13?
13
Suppose 4*z + 4*t + 16 = -t, -z + 2*t = -9. Let d be 3/(6/z)*24. What is the highest common factor of d and 4?
4
Let c = 240 - 108. What is the greatest common factor of c and 99?
33
Let x = -15 + 27. Suppose -5*s + 668 = -2*j, -3*s - 3*j = -6*j - 399. Let w = -26 + s. Calculate the greatest common factor of w and x.
12
Suppose 4*h - 3 = 5. Suppose h*i - 30 = 2. Calculate the highest common factor of i and 2.
2
Suppose 37*i = 39*i - 264. Calculate the highest common divisor of 12 and i.
12
Let m(z) = -z**3 + 7*z**2 - 3*z - 8. Let s be m(4). What is the highest common factor of s and 7?
7
Suppose -3*h + h = q - 11, -6 = -2*h. Let p = 11 + q. Let t = -315 + 443. Calculate the highest common factor of t and p.
16
Suppose -2*m + 827 = -4*g + 225, -5*m = -5*g - 1505. What is the greatest common factor of 43 and m?
43
Let f(x) = x**3 + 16*x**2 - 19*x - 10. Let h be f(-17). Calculate the greatest common divisor of h and 24.
24
Let d(a) = 4*a**2 + 2*a. Let o be d(-3). Suppose -7*q + 5*i + 55 = -3*q, -i + 31 = 2*q. Calculate the greatest common divisor of q and o.
15
Let z = 17 + -11. Suppose -2*w - 10 = -34. What is the greatest common factor of z and w?
6
Let q(m) = -m**3 + 6*m**2 + 2*m - 11. Let s be q(6). Let n be (-9)/((1*2)/(-2)). What is the highest common factor of s and n?
1
Let g(p) be the third derivative of -3*p**4/4 + p**3/3 - p**2. Let j = -16 - -13. Let h be g(j). Calculate the greatest common divisor of 7 and h.
7
Let k(r) = r**2 + 4*r - 4. Let s be k(-6). Let i be s - 5/((-10)/4). Calculate the greatest common divisor of 4 and i.
2
Let q(h) = 27*h - 1. Let a be q(1). Let m(p) = -11*p**2 + p. Let d be m(1). Let r be (-644)/d - (-9)/15. Calculate the greatest common divisor of r and a.
13
Suppose -13 - 11 = -2*h. Let q = h + 10. Let c(g) = 4*g**2 + 7*g + 19. Let a be c(-4). What is the highest common factor of q and a?
11
Suppose -4*q - 68 - 37 = 3*c, 0 = -5*q + 4*c - 139. Let o be (q - 7)/(-1 - 1). What is the greatest common factor of 187 and o?
17
Let t = -19 - -7. Let x = 42 - t. What is the highest common factor of 6 and x?
6
Let w = -10 + 12. Suppose w*h + 72 = 4*h. Calculate the greatest common factor of h and 4.
4
Suppose 3*u + p = -p + 607, -3*p - 3 = 0. What is the highest common factor of 29 and u?
29
Let f be 40/(-18) - (-2)/9. Let y = f - -6. Suppose -2*s + 0*s - y*g + 26 = 0, -4*g = -20. What is the highest common factor of s and 27?
3
Let w(j) = -2*j + 4. Let d be w(-5). Suppose 2*y + 0*y + 4*p + 4 = 0, -3*y + 4*p + d = 0. Suppose h + 9 = y*h. What is the greatest common factor of h and 1?
1
Let z(i) = -6*i - 4. Let t be z(-4). Suppose 2*x = 4*b + 160, 4*b - 2*b = 0. What is the highest common divisor of x and t?
20
Let f(q) = -q - 8. Suppose 0 = 4*k - 2*c + 20, -3*k - 14 = -0*c - 2*c. Let l be f(k). Let d be 1 + (l + 18)/2. What is the highest common divisor of d and 81?
9
Let n = 341 + -209. Calculate the greatest common divisor of 22 and n.
22
Let c be (30 - 3)/((-1)/(-9)). Let i(a) = 2*a**2 - 3*a - 8. Let j be i(5). Calculate the greatest common divisor of j and c.
27
Let i(q) = q**3 + 14*q**2 - 4*q - 31. Let x be i(-14). What is the highest common factor of x and 25?
25
Suppose -6 = 2*k - 22. Let b = -42 - -62. What is the highest common factor of k and b?
4
Let i = -79 + 94. Calculate the greatest common factor of 135 and i.
15
Suppose 183 = a + 49. Let n be (-1)/3 + a/6. What is the greatest common factor of 2 and n?
2
Let o be (1 + 51/(-6))/(6/(-12)). What is the highest common factor of 120 and o?
15
Let f = -135 - -144. Let p be (-1)/(-1) + 5*7. What is the greatest common factor of f and p?
9
Suppose -4*g + 15 = -3*k, 0 = 2*g - 5*g + 4*k + 13. Suppose g*s - 29 = 28. What is the greatest common factor of 95 and s?
19
Suppose 4*j - j - 27 = 0. Let u = j + -1. Calculate the highest common divisor of u and 8.
8
Let l(d) = -d**3 + 3*d**2 - 3*d + 2. Let p be l(2). Suppose -5*w + w + 24 = p. Calculate the greatest common divisor of 12 and w.
6
Suppose -12 = 2*a - 0. Let l = 1 - a. Let m(w) = -w**3 + 6*w**2 + 8*w + 3. Let i be m(l). What is the highest common factor of i and 80?
10
Suppose 0 = c + c - 2. What is the highest common divisor of c and 9?
1
Suppose 0 = 4*d - 4 - 0. Suppose 2*o - h = 9, -d - 8 = -3*h. What is the greatest common divisor of 54 and o?
6
Let m be 36/(-48) - (-246)/8. What is the highest common factor of m and 15?
15
Suppose -5*w - 60 = -2*w. Let v be (66/15)/((-2)/w). Suppose -5*u + 76 = -v. Calculate the highest common factor of u and 4.
4
Let j be 8/(-36) - 166/(-18). Let y = 3 + j. Suppose -4*q - 3*b + 10 = -3*q, 0 = -4*b + y. What is the highest common divisor of q and 8?
1
Suppose 0 = 2*j + j - 96. Let f = -20 + j. Calculate the greatest common divisor of f and 24.
12
Let h be (-235)/(-15) - (-1)/3. Suppose 643 + 253 = 7*q. What is the greatest common factor of q and h?
16
Let m be 14/3 - (-1)/3. Suppose -u = 2*z - 26, -4*u - z + 92 = -m*z. What is the highest common divisor of u and 168?
24
Suppose -r + 3 = 6*p - 7*p, p + r - 5 = 0. Let m be 10/14 + (-2)/(-7). Calculate the greatest common factor of m and p.
1
Suppose 5*a - 3*o - o - 18 = 0, 4*a = -3*o + 2. Let z = a + 3. Suppose z*c + 3*i - 112 = i, -5*i = -4*c + 116. Calculate the highest common factor of 16 and c.
8
Let o = 13 + 12. Let h be 30/(-165) - 224/(-22). Calculate the highest common divisor of o and h.
5
Suppose -2*a = -0 + 4. Let c be 1/a + (-3188)/8. Let w be c/(-27) - (-4)/18. What is the greatest common divisor of w and 3?
3
Suppose 0 = 4*j + 3*z - 206, 2*z - 1 = 5*j - 247. What is the greatest common divisor of j and 20?
10
Suppose 0 + 4 = 2*o. Suppose -3*c + 13 + 37 = 2*z, z = 4*c - 52. Calculate the highest common factor of o and c.
2
Let b(t) = 3*t + 3. Let y be b(-3). Let w(m) = -m**2 - 6*m + 5. Let i be w(y). What is the highest common factor of i and 2?
1
Let o = 5 - 3. Suppose 4*t - 11 = -2*i + 41, -o*t = -3*i - 42. Calculate the greatest common factor of t and 45.
15
Suppose -2*w = -3 - 3. Suppose 2*p = -w*p + 25. Suppose 120 = 5*u - 5*i, p*i + 26 = 2*u - 28. Calculate the greatest common factor of u and 11.
11
Suppose -3*b - 5 = 2*b. Let h be b*2 - -1 - -2. Calculate the greatest common factor of 11 and h.
1
Let i be 6/(-6)*32/(-2). Let m be ((-9)/(-2))/(12/i). Let d(c) = -c**3 + 5*c**2 + 8*c - 4. Let k be d(m). Calculate the highest common factor of 48 and k.
8
Let q = -27 - -57. Let x(h) = h**3 + h**2 + 11. Let c be x(0). Let i = c + 1. Calculate the highest common factor of i and q.
6
Let b = 94 - 72. What is the greatest common divisor of 286 and b?
22
Suppose q - 7 - 6 = 0. Suppose i + 3*r + 2 = 0, 0*r + 50 = 5*i + 3*r. Calculate the highest common divisor of i and q.
13
Suppose o + 126 = 3*o. Suppose -3*w - 2*w + 150 = 0. Let i = -21 + w. Calculate the highest common factor of i and o.
9
Suppose -2*a = -3*s + 73, 0*s + 4*s = -3*a + 69. Calculate the highest common divisor of s and 105.
21
Suppose 4*x + 2*x - 378 = 0. Let g be (-3*(-28)/(-6))/(-2). Suppose 0 = -2*i + 3*i - g. What is the highest common factor of x and i?
7
Let k(x) = x**2 + 2*x. Let q be k(-3). Let r = 17 + -11. Calculate 